{"id":43,"date":"2018-02-08T17:10:17","date_gmt":"2018-02-08T17:10:17","guid":{"rendered":"http:\/\/gs-partenheim.de\/?page_id=43"},"modified":"2023-04-26T21:03:53","modified_gmt":"2023-04-26T19:03:53","slug":"die-schule","status":"publish","type":"page","link":"https:\/\/gs-partenheim.de\/?page_id=43","title":{"rendered":"Die Schule"},"content":{"rendered":"<h1>Ganztagsbetreuung in offener Form<\/h1>\n<p><img loading=\"lazy\" decoding=\"async\" class=\"size-thumbnail wp-image-55 alignleft\" src=\"http:\/\/gs-partenheim.de\/wp-content\/uploads\/2018\/02\/ansicht02-150x150.jpg\" alt=\"\" width=\"150\" height=\"150\" srcset=\"https:\/\/gs-partenheim.de\/wp-content\/uploads\/2018\/02\/ansicht02-150x150.jpg 150w, https:\/\/gs-partenheim.de\/wp-content\/uploads\/2018\/02\/ansicht02-186x185.jpg 186w, https:\/\/gs-partenheim.de\/wp-content\/uploads\/2018\/02\/ansicht02-220x220.jpg 220w, https:\/\/gs-partenheim.de\/wp-content\/uploads\/2018\/02\/ansicht02-60x60.jpg 60w\" sizes=\"auto, (max-width: 150px) 100vw, 150px\" \/><\/p>\n<p>&nbsp;<\/p>\n<p>Um den ge\u00e4nderten Bed\u00fcrfnissen der oftmals berufst\u00e4tigen Eltern gerecht zu werden, wurde &nbsp;in der Grundschule Partenheim als einer der Ersten im Landkreis Alzey-Worms eine <strong>Ganztagsbet<\/strong><strong>reuung<\/strong> der Schulkinder erm\u00f6glicht und als Ganztagsschule in offener Form organisiert.<\/p>\n<p><img loading=\"lazy\" decoding=\"async\" class=\"size-thumbnail wp-image-57 alignright\" src=\"http:\/\/gs-partenheim.de\/wp-content\/uploads\/2018\/02\/ansicht04-150x150.jpg\" alt=\"\" width=\"150\" height=\"150\" srcset=\"https:\/\/gs-partenheim.de\/wp-content\/uploads\/2018\/02\/ansicht04-150x150.jpg 150w, https:\/\/gs-partenheim.de\/wp-content\/uploads\/2018\/02\/ansicht04-186x185.jpg 186w, https:\/\/gs-partenheim.de\/wp-content\/uploads\/2018\/02\/ansicht04-220x220.jpg 220w, https:\/\/gs-partenheim.de\/wp-content\/uploads\/2018\/02\/ansicht04-60x60.jpg 60w\" sizes=\"auto, (max-width: 150px) 100vw, 150px\" \/><\/p>\n<p>&nbsp;<\/p>\n<p>Dieses Angebot wurde so gut angenommen, dass die vorhandenen R\u00e4umlichkeiten angepasst und erweitert werden mussten. Mit Fertigstellung und Einweihung des neuen &#8222;Baumhauses&#8220; im Jahre 2013 bestehen nun beste Rahmenbedingungen f\u00fcr die Betreuung der Kinder.<\/p>\n<p>&nbsp;<\/p>\n<p><img loading=\"lazy\" decoding=\"async\" class=\"size-thumbnail wp-image-56 alignleft\" src=\"http:\/\/gs-partenheim.de\/wp-content\/uploads\/2018\/02\/ansicht03-150x150.jpg\" alt=\"\" width=\"150\" height=\"150\" srcset=\"https:\/\/gs-partenheim.de\/wp-content\/uploads\/2018\/02\/ansicht03-150x150.jpg 150w, https:\/\/gs-partenheim.de\/wp-content\/uploads\/2018\/02\/ansicht03-186x185.jpg 186w, https:\/\/gs-partenheim.de\/wp-content\/uploads\/2018\/02\/ansicht03-220x220.jpg 220w, https:\/\/gs-partenheim.de\/wp-content\/uploads\/2018\/02\/ansicht03-60x60.jpg 60w\" sizes=\"auto, (max-width: 150px) 100vw, 150px\" \/><\/p>\n<p>&nbsp;<\/p>\n<p>Die Unterrichtszeiten gehen von <strong>8:oo Uhr<\/strong> bis<strong> 13:00 Uhr<\/strong>. Eine <strong>Betreuung<\/strong> der an<\/p>\n<p>gemeldeten Kinder ist einschlie\u00dflich <strong>Freitags<\/strong> bis <strong>16:00 Uhr <\/strong>sichergestellt. In dieser Zeit werden die Kinder mit einem warmen Mittagessen versorgt und von 14:00-15:00 Uhr steht eine qualifizierte Hausaufgabenhilfe zur Verf\u00fcgung.<\/p>\n","protected":false},"excerpt":{"rendered":"<p>Ganztagsbetreuung in offener Form &nbsp; Um den ge\u00e4nderten Bed\u00fcrfnissen der oftmals berufst\u00e4tigen Eltern gerecht zu werden, wurde &nbsp;in der Grundschule Partenheim als einer der Ersten im Landkreis Alzey-Worms eine Ganztagsbetreuung der Schulkinder erm\u00f6glicht und als Ganztagsschule in offener Form organisiert. &hellip; <\/p>\n","protected":false},"author":1,"featured_media":0,"parent":0,"menu_order":0,"comment_status":"closed","ping_status":"closed","template":"","meta":{"ngg_post_thumbnail":0,"footnotes":""},"class_list":["post-43","page","type-page","status-publish","hentry"],"_links":{"self":[{"href":"https:\/\/gs-partenheim.de\/index.php?rest_route=\/wp\/v2\/pages\/43","targetHints":{"allow":["GET"]}}],"collection":[{"href":"https:\/\/gs-partenheim.de\/index.php?rest_route=\/wp\/v2\/pages"}],"about":[{"href":"https:\/\/gs-partenheim.de\/index.php?rest_route=\/wp\/v2\/types\/page"}],"author":[{"embeddable":true,"href":"https:\/\/gs-partenheim.de\/index.php?rest_route=\/wp\/v2\/users\/1"}],"replies":[{"embeddable":true,"href":"https:\/\/gs-partenheim.de\/index.php?rest_route=%2Fwp%2Fv2%2Fcomments&post=43"}],"version-history":[{"count":13,"href":"https:\/\/gs-partenheim.de\/index.php?rest_route=\/wp\/v2\/pages\/43\/revisions"}],"predecessor-version":[{"id":1223,"href":"https:\/\/gs-partenheim.de\/index.php?rest_route=\/wp\/v2\/pages\/43\/revisions\/1223"}],"wp:attachment":[{"href":"https:\/\/gs-partenheim.de\/index.php?rest_route=%2Fwp%2Fv2%2Fmedia&parent=43"}],"curies":[{"name":"wp","href":"https:\/\/api.w.org\/{rel}","templated":true}]}}

<h1>Ganztagsbetreuung in offener Form</h1>
<p><img loading="lazy" decoding="async" class="size-thumbnail wp-image-55 alignleft" src="http://gs-partenheim.de/wp-content/uploads/2018/02/ansicht02-150x150.jpg" alt="" width="150" height="150" srcset="https://gs-partenheim.de/wp-content/uploads/2018/02/ansicht02-150x150.jpg 150w, https://gs-partenheim.de/wp-content/uploads/2018/02/ansicht02-186x185.jpg 186w, https://gs-partenheim.de/wp-content/uploads/2018/02/ansicht02-220x220.jpg 220w, https://gs-partenheim.de/wp-content/uploads/2018/02/ansicht02-60x60.jpg 60w" sizes="auto, (max-width: 150px) 100vw, 150px" /></p>
<p>&nbsp;</p>
<p>Um den geänderten Bedürfnissen der oftmals berufstätigen Eltern gerecht zu werden, wurde &nbsp;in der Grundschule Partenheim als einer der Ersten im Landkreis Alzey-Worms eine <strong>Ganztagsbet</strong><strong>reuung</strong> der Schulkinder ermöglicht und als Ganztagsschule in offener Form organisiert.</p>
<p><img loading="lazy" decoding="async" class="size-thumbnail wp-image-57 alignright" src="http://gs-partenheim.de/wp-content/uploads/2018/02/ansicht04-150x150.jpg" alt="" width="150" height="150" srcset="https://gs-partenheim.de/wp-content/uploads/2018/02/ansicht04-150x150.jpg 150w, https://gs-partenheim.de/wp-content/uploads/2018/02/ansicht04-186x185.jpg 186w, https://gs-partenheim.de/wp-content/uploads/2018/02/ansicht04-220x220.jpg 220w, https://gs-partenheim.de/wp-content/uploads/2018/02/ansicht04-60x60.jpg 60w" sizes="auto, (max-width: 150px) 100vw, 150px" /></p>
<p>&nbsp;</p>
<p>Dieses Angebot wurde so gut angenommen, dass die vorhandenen Räumlichkeiten angepasst und erweitert werden mussten. Mit Fertigstellung und Einweihung des neuen &#8222;Baumhauses&#8220; im Jahre 2013 bestehen nun beste Rahmenbedingungen für die Betreuung der Kinder.</p>
<p>&nbsp;</p>
<p><img loading="lazy" decoding="async" class="size-thumbnail wp-image-56 alignleft" src="http://gs-partenheim.de/wp-content/uploads/2018/02/ansicht03-150x150.jpg" alt="" width="150" height="150" srcset="https://gs-partenheim.de/wp-content/uploads/2018/02/ansicht03-150x150.jpg 150w, https://gs-partenheim.de/wp-content/uploads/2018/02/ansicht03-186x185.jpg 186w, https://gs-partenheim.de/wp-content/uploads/2018/02/ansicht03-220x220.jpg 220w, https://gs-partenheim.de/wp-content/uploads/2018/02/ansicht03-60x60.jpg 60w" sizes="auto, (max-width: 150px) 100vw, 150px" /></p>
<p>&nbsp;</p>
<p>Die Unterrichtszeiten gehen von <strong>8:oo Uhr</strong> bis<strong> 13:00 Uhr</strong>. Eine <strong>Betreuung</strong> der an</p>
<p>gemeldeten Kinder ist einschließlich <strong>Freitags</strong> bis <strong>16:00 Uhr </strong>sichergestellt. In dieser Zeit werden die Kinder mit einem warmen Mittagessen versorgt und von 14:00-15:00 Uhr steht eine qualifizierte Hausaufgabenhilfe zur Verfügung.</p>

<p>Ganztagsbetreuung in offener Form &nbsp; Um den geänderten Bedürfnissen der oftmals berufstätigen Eltern gerecht zu werden, wurde &nbsp;in der Grundschule Partenheim als einer der Ersten im Landkreis Alzey-Worms eine Ganztagsbetreuung der Schulkinder ermöglicht und als Ganztagsschule in offener Form organisiert. &hellip; </p>
